{"id":190,"date":"2018-08-01T18:28:54","date_gmt":"2018-08-01T16:28:54","guid":{"rendered":"https:\/\/xn--plckhahn-vogel-hsb.de\/?page_id=190"},"modified":"2018-08-01T18:30:03","modified_gmt":"2018-08-01T16:30:03","slug":"datenschutz","status":"publish","type":"page","link":"https:\/\/musik-satire.de\/?page_id=190","title":{"rendered":"Datenschutz"},"content":{"rendered":"<h3>Datenschutzerkl\u00e4rung<\/h3>\n<p>Sie k\u00f6nnen unsere Seiten ohne Angaben personenbezogener Daten nutzen. Soweit Sie einzelne Services unserer Seiten in Anspruch nehmen m\u00f6chten, k\u00f6nnen sich hierf\u00fcr abweichende Regelungen ergeben. Diese werden nachstehend gesondert erl\u00e4utert. Soweit Sie personenbezogene Daten (Z. B. Name, Anschrift, E-Mail, Telefonnummer usw.) hinterlegen, werden diese nur gem\u00e4\u00df den Bestimmungen des deutschen Datenschutzrechts verarbeitet. Dabei sind Daten erst dann personenbezogen, wenn diese eindeutig einer bestimmten Person zugeordnet werden k\u00f6nnen. Die rechtlichen Grundlagen des Datenschutzes ergeben sich aus dem Bundesdatenschutzgesetz (BDSG) und dem Telemediengesetz (TMG). Im Nachfolgenden erhalten Sie Informationen \u00fcber die Art, den Umfang und Zweck der Erhebung, Nutzung und Verarbeitung personenbezogener Daten. <\/p>\n<p>Wichtiger Hinweis: Die internetbasierte \u00dcbertragung von Daten kann Sicherheitsl\u00fccken aufweisen und die Daten somit von Unbefugten zur Kenntnis genommen, verwendet oder verf\u00e4lscht werden k\u00f6nnen. Ein l\u00fcckenloser Schutz vor Zugriff durch Dritte ist unm\u00f6glich. <\/p>\n<h5>Cookies<\/h5>\n<p>Um eine vollumf\u00e4ngliche Nutzung unserer Website zu erm\u00f6glichen, verwenden wir auf unserer Site so genannte Cookies. Diese erm\u00f6glichen es, ihre (derselbe Nutzer\/Internet Anschlussinhaber) R\u00fcckkehr auf unserer Site bzw. mehrfache Nutzung unseres Angebots wieder zu erkennen. Hierbei handelt es sich um so genannte &#8220;Session-Cookies&#8221;, die wir nach dem Ende Ihres Besuchs wieder l\u00f6schen. <\/p>\n<p>Es gibt aber auch Cookies, um Sie automatisch wieder zu erkennen (PIWIK \/ Google analytics). Diese Wiedererkennung erfolgt aufgrund der in den Cookies gespeicherten IP-Adresse. Die so erlangten Informationen dienen dazu, unsere Angebote zu optimieren und Ihnen einen leichteren Zugang auf unsere Seite zu erm\u00f6glichen.<br \/>\nSie k\u00f6nnen die Installation der Cookies durch eine entsprechende Einstellung Ihres Browsers verhindern; bitte beachten Sie, dass Sie in diesem Fall gegebenenfalls nicht s\u00e4mtliche Funktionen dieser Website vollumf\u00e4nglich nutzen k\u00f6nnen. <\/p>\n<h5>Erhebung und Verarbeitung personenbezogener Daten<\/h5>\n<p>Personenbezogene Daten (Email-Adressen, Namen, Anschriften, Rufnummern u.\u00e4.) werden nur erhoben, wenn Sie uns diese von sich aus, zum Beispiel zur Durchf\u00fchrung eines Beratungsvertrages oder Onlinemahnbescheids mitteilen. S\u00e4mtliche dabei gesammelten pers\u00f6nlichen Daten dienen ausschlie\u00dflich der technischen Abwicklung oder Abrechnung Ihrer Anfrage bzw. des von Ihnen initiierten Kontaktes. Sie werden nur f\u00fcr die notwendige Dauer der Bearbeitung Ihrer Anfrage gesammelt und insbesondere nicht zu kommerziellen Zwecken an Dritte weitergegeben. <\/p>\n<h5>Server-Log- Files<\/h5>\n<p>Der Provider der Seiten erhebt und speichert automatisch Informationen in so genannten Server-Log Files, die Ihr Browser automatisch an uns \u00fcbermittelt. Dies sind: Browsertyp und Browserversion, verwendetes Betriebssystem, Referrer URL, Hostname des zugreifenden Rechners, Uhrzeit der Serveranfrage. Diese Daten sind nicht bestimmten Personen zuordenbar. Eine Zusammenf\u00fchrung dieser Daten mit anderen Datenquellen wird nicht vorgenommen. Wir behalten uns vor, diese Daten nachtr\u00e4glich zu pr\u00fcfen, wenn uns konkrete Anhaltspunkte f\u00fcr eine rechtswidrige Nutzung bekannt werden.<\/p>\n<h5>Kontaktm\u00f6glichkeiten<\/h5>\n<p>Auf dieser Website erhalten Sie die M\u00f6glichkeit, per E-Mail und\/oder \u00fcber Kontaktfelder Nachrichten zu \u00fcbermitteln. In diesem Fall werden die von Ihnen als Nutzer hinterlegten Daten ausschlie\u00dflich zum Zwecke der Bearbeitung und eventuellen Kontaktaufnahme gespeichert. Eine Wiedergabe an Dritte erfolgt nicht. Ein Abgleich mit anderen erhobenen Daten erfolgt weder einzelfallbezogen noch generell. <\/p>\n<h5>Einsatz von Google-Analytics mit Anonymisierungsfunktion<\/h5>\n<p>Auf dieser Website wird auch Google-Analytics, ein Webanalysedienst der Firma Google Inc., 1600 Amphitheatre Parkway, Mountain View, CA 94043 USA, nachfolgend &#8220;Google&#8221; eingesetzt. Google-Analytics verwendet sog. &#8220;Cookies&#8221;, Textdateien, die auf Ihrem Computer gespeichert werden und hierdurch eine Analyse der Benutzung der Website durch Sie erm\u00f6glichen. Diese Cookies erzeugen Informationen, beispielsweise Zeit, Ort und H\u00e4ufigkeit Ihres Webseiten-Besuchs einschlie\u00dflich Ihrer IP-Adresse; Diese Daten werden an Google in den USA \u00fcbertragen und dort gespeichert. Auf dieser Website kommt Google-Analytics mit dem Zusatz &#8220;_gat._anonymizeIp&#8221; zur Anwendung. Ihre IP-Adresse wird bei dieser Variante von Google schon innerhalb von Mitgliedstaaten der Europ\u00e4ischen Union oder in anderen Vertragsstaaten des Abkommens \u00fcber den Europ\u00e4ischen Wirtschaftsraum gek\u00fcrzt und dadurch anonymisiert. Google wird diese Informationen nach eigenen Angaben benutzen, um Ihre Besuche dieser Website auszuwerten, also um Reports \u00fcber die Websiteaktivit\u00e4ten zusammenzustellen und um weitere mit der Websitenutzung und der Internetnutzung verbundene Dienstleistungen zu erbringen. Google wird diese Informationen gegebenenfalls auch an Dritte \u00fcbertragen, sofern dies gesetzlich vorgeschrieben oder soweit Dritte diese Daten im Auftrag von Google verarbeiten.  Google wird nach eigenen Angaben Ihre IP-Adresse nicht mit anderen Daten von Google in Verbindung bringen. Die Installation der Cookies k\u00f6nnen Sie durch eine entsprechende Einstellung Ihrer Browser-Software verhindern; wir weisen Sie jedoch darauf hin, dass Sie in diesem Fall gegebenenfalls nicht s\u00e4mtliche Funktionen dieser Website vollumf\u00e4nglich nutzen k\u00f6nnen. Hinweis: Google bietet f\u00fcr die g\u00e4ngigsten Browser ein Deaktivierungs-Add-on an. Dieses Tool gibt Ihnen mehr Kontrolle dar\u00fcber, welche Daten von Google zu der von Ihnen aufgerufenen Websites erfasst werden. Das Add-on teilt dem JavaScript (ga.js) von Google Analytics mit, dass keine Informationen zum Website-Besuch an Google Analytics \u00fcbermittelt werden sollen. Das Deaktivierungs-Add-on f\u00fcr Browser von Google Analytics verhindert aber nicht, dass Informationen an den Betreiber dieser Website oder von ihm ggf. eingesetzte Webanalyse-Services \u00fcbermittelt werden. Weitere Informationen: https:\/\/tools.google.com\/dlpage\/gaoptout?hl=de <\/p>\n<h5>Einsatz von PIWIK<\/h5>\n<p>Auf dieser Website wird der Webanalysedienst PIWIK eingestzt. PIWIK verwendet f\u00fcr diese Analyse Cookies. Cookies sind kleine Textdateien, die auf Ihrem Computer gespeichert werden und die eine Analyse der Benutzung der Website durch Sie erm\u00f6glichen. Diese Cookies erzeugen Informationen, beispielsweise Zeit, Ort und H\u00e4ufigkeit Ihres Webseiten-Besuchs einschlie\u00dflich Ihrer IP-Adresse und werden an den PIWIK-Server \u00fcbertragen und dort gespeichert. Bei diesem Vorgang wird Ihre IP-Adresse umgehend anonymisiert, so dass Sie als Nutzer anonym bleiben. Die durch den Cookie erzeugten Informationen \u00fcber Ihre Benutzung dieser Webseite werden nicht an Dritte weitergegeben. Sie k\u00f6nnen die Installation der Cookies durch eine entsprechende Einstellung Ihrer Browser-Software verhindern; bitte beachten Sie jedoch, dass Sie in diesem Fall gegebenenfalls nicht s\u00e4mtliche Funktionen dieser Website vollumf\u00e4nglich nutzen k\u00f6nnen.  <\/p>\n<h5>Auskunft \/ Widerruf \/ L\u00f6schung<\/h5>\n<p>Bei Fragen zur Erhebung, Verarbeitung oder Nutzung Ihrer personenbezogenen Daten und deren Berichtigung, Sperrung, L\u00f6schung oder bei einem Widerruf einer erteilten Einwilligung k\u00f6nnen Sie sich unentgeltlich an uns bzw. den von uns beauftragten Dienstleister wenden. Wir weisen darauf hin, dass Ihnen ein Recht auf Berichtigung falscher oder L\u00f6schung personenbezogener Daten zusteht, allerdings nur dann, wenn diesem Anspruch keine gesetzliche Aufbewahrungspflicht entgegensteht. <\/p>\n<p>Ihre(n) Ansprechpartner f\u00fcr Ausk\u00fcnfte, Widerrufe bzw. L\u00f6schungen entnehmen Sie bitte dem Impressum.<\/p>\n","protected":false},"excerpt":{"rendered":"<p>Datenschutzerkl\u00e4rung Sie k\u00f6nnen unsere Seiten ohne Angaben personenbezogener Daten nutzen. Soweit Sie einzelne Services unserer Seiten in Anspruch nehmen m\u00f6chten, k\u00f6nnen sich hierf\u00fcr abweichende Regelungen<\/p>\n","protected":false},"author":2,"featured_media":0,"parent":0,"menu_order":0,"comment_status":"closed","ping_status":"closed","template":"","meta":[],"_links":{"self":[{"href":"https:\/\/musik-satire.de\/index.php?rest_route=\/wp\/v2\/pages\/190"}],"collection":[{"href":"https:\/\/musik-satire.de\/index.php?rest_route=\/wp\/v2\/pages"}],"about":[{"href":"https:\/\/musik-satire.de\/index.php?rest_route=\/wp\/v2\/types\/page"}],"author":[{"embeddable":true,"href":"https:\/\/musik-satire.de\/index.php?rest_route=\/wp\/v2\/users\/2"}],"replies":[{"embeddable":true,"href":"https:\/\/musik-satire.de\/index.php?rest_route=%2Fwp%2Fv2%2Fcomments&post=190"}],"version-history":[{"count":1,"href":"https:\/\/musik-satire.de\/index.php?rest_route=\/wp\/v2\/pages\/190\/revisions"}],"predecessor-version":[{"id":191,"href":"https:\/\/musik-satire.de\/index.php?rest_route=\/wp\/v2\/pages\/190\/revisions\/191"}],"wp:attachment":[{"href":"https:\/\/musik-satire.de\/index.php?rest_route=%2Fwp%2Fv2%2Fmedia&parent=190"}],"curies":[{"name":"wp","href":"https:\/\/api.w.org\/{rel}","templated":true}]}}